{"id":1740,"date":"2023-09-06T16:13:11","date_gmt":"2023-09-06T14:13:11","guid":{"rendered":"https:\/\/www.crpmna.fr\/?page_id=1740"},"modified":"2026-01-26T17:12:00","modified_gmt":"2026-01-26T16:12:00","slug":"obstacle","status":"publish","type":"page","link":"https:\/\/www.crpmna.fr\/index.php\/obstacle\/","title":{"rendered":"OBSTACLE"},"content":{"rendered":"\n<div class=\"wp-block-media-text alignwide has-media-on-the-right is-stacked-on-mobile is-vertically-aligned-center\" style=\"grid-template-columns:auto 32%\"><div class=\"wp-block-media-text__content\">\n<p><strong>La discipline d&rsquo;obstacle<\/strong> est une <strong>course<\/strong> qui consiste \u00e0 <strong>franchir huit obstacles <\/strong>sur un parcours d&rsquo;une distance de <strong>60m \u00e0 70m de long<\/strong>.<\/p>\n\n\n\n<p><strong>Les athl\u00e8tes terminent le parcours au moment o\u00f9 ils activent le bouton d&rsquo;arriv\u00e9e<\/strong> avec n&rsquo;importe quelle partie de leurs mains, bras ou avant-bras. <strong>Cette \u00e9preuve remplacera l&rsquo;\u00e9preuve d&rsquo;<a href=\"https:\/\/www.crpmna.fr\/index.php\/lequitation\/\">\u00e9quitation<\/a> <\/strong>apr\u00e8s <strong>les Jeux Olympiques de Paris 2024.<\/strong><\/p>\n<\/div><figure class=\"wp-block-media-text__media\"><img decoding=\"async\" width=\"1000\" height=\"665\" src=\"https:\/\/www.crpmna.fr\/wp-content\/uploads\/2023\/08\/53075999728_7b885cbe31_o.jpg\" alt=\"obstacle\" class=\"wp-image-1741 size-full\" srcset=\"https:\/\/www.crpmna.fr\/wp-content\/uploads\/2023\/08\/53075999728_7b885cbe31_o.jpg 1000w, https:\/\/www.crpmna.fr\/wp-content\/uploads\/2023\/08\/53075999728_7b885cbe31_o-300x200.jpg 300w, https:\/\/www.crpmna.fr\/wp-content\/uploads\/2023\/08\/53075999728_7b885cbe31_o-768x511.jpg 768w\" sizes=\"(max-width: 1000px) 100vw, 1000px\" \/><\/figure><\/div>\n\n\n\n<div style=\"height:23px\" aria-hidden=\"true\" class=\"wp-block-spacer\"><\/div>\n\n\n\n<figure class=\"wp-block-gallery has-nested-images columns-default is-cropped wp-block-gallery-1 is-layout-flex wp-block-gallery-is-layout-flex\">\n<figure class=\"wp-block-image alignwide size-large\"><img decoding=\"async\" width=\"1024\" height=\"361\" data-id=\"1745\" src=\"https:\/\/www.crpmna.fr\/wp-content\/uploads\/2023\/08\/Capture-decran-2023-08-02-a-14.36.56-1024x361.png\" alt=\"representation des obstacles\" class=\"wp-image-1745\" srcset=\"https:\/\/www.crpmna.fr\/wp-content\/uploads\/2023\/08\/Capture-decran-2023-08-02-a-14.36.56-1024x361.png 1024w, https:\/\/www.crpmna.fr\/wp-content\/uploads\/2023\/08\/Capture-decran-2023-08-02-a-14.36.56-300x106.png 300w, https:\/\/www.crpmna.fr\/wp-content\/uploads\/2023\/08\/Capture-decran-2023-08-02-a-14.36.56-768x271.png 768w, https:\/\/www.crpmna.fr\/wp-content\/uploads\/2023\/08\/Capture-decran-2023-08-02-a-14.36.56-1536x541.png 1536w, https:\/\/www.crpmna.fr\/wp-content\/uploads\/2023\/08\/Capture-decran-2023-08-02-a-14.36.56.png 1986w\" sizes=\"(max-width: 1024px) 100vw, 1024px\" \/><\/figure>\n\n\n\n<figure class=\"wp-block-image size-large\"><img decoding=\"async\" width=\"1024\" height=\"406\" data-id=\"1744\" src=\"https:\/\/www.crpmna.fr\/wp-content\/uploads\/2023\/08\/Capture-decran-2023-08-02-a-14.56.57-1024x406.png\" alt=\"liste des obstacles\" class=\"wp-image-1744\" srcset=\"https:\/\/www.crpmna.fr\/wp-content\/uploads\/2023\/08\/Capture-decran-2023-08-02-a-14.56.57-1024x406.png 1024w, https:\/\/www.crpmna.fr\/wp-content\/uploads\/2023\/08\/Capture-decran-2023-08-02-a-14.56.57-300x119.png 300w, https:\/\/www.crpmna.fr\/wp-content\/uploads\/2023\/08\/Capture-decran-2023-08-02-a-14.56.57-768x305.png 768w, https:\/\/www.crpmna.fr\/wp-content\/uploads\/2023\/08\/Capture-decran-2023-08-02-a-14.56.57-1536x609.png 1536w, https:\/\/www.crpmna.fr\/wp-content\/uploads\/2023\/08\/Capture-decran-2023-08-02-a-14.56.57.png 1982w\" sizes=\"(max-width: 1024px) 100vw, 1024px\" \/><\/figure>\n<\/figure>\n\n\n\n<div style=\"height:18px\" aria-hidden=\"true\" class=\"wp-block-spacer\"><\/div>\n\n\n\n<p style=\"text-align: center;\"><iframe title=\"YouTube video player\" src=\"https:\/\/www.youtube.com\/embed\/00w_hN9R5Qs?si=TezVwjt5J8bUkgnP\" width=\"560\" height=\"315\" frameborder=\"0\" allowfullscreen=\"allowfullscreen\"><\/iframe><\/p>\n","protected":false},"excerpt":{"rendered":"<p>La discipline d&rsquo;obstacle est une course qui consiste \u00e0 franchir huit obstacles sur un parcours d&rsquo;une distance de 60m \u00e0<\/p>\n","protected":false},"author":7,"featured_media":0,"parent":0,"menu_order":0,"comment_status":"closed","ping_status":"closed","template":"","meta":{"colormag_page_container_layout":"default_layout","colormag_page_sidebar_layout":"default_layout","advgb_blocks_editor_width":"","advgb_blocks_columns_visual_guide":"","ngg_post_thumbnail":0,"_mc_calendar":[],"footnotes":""},"class_list":["post-1740","page","type-page","status-publish","hentry"],"yoast_head":"<!-- This site is optimized with the Yoast SEO plugin v27.6 - https:\/\/yoast.com\/product\/yoast-seo-wordpress\/ -->\n<title>OBSTACLE - CRPMNA<\/title>\n<meta name=\"description\" content=\"En pentathlon moderne, l&#039;obstacle viendra remplacer l&#039;\u00e9preuve d&#039;\u00e9quitation apr\u00e8s les Jeux Olympiques de Paris.\" \/>\n<meta name=\"robots\" content=\"index, follow, max-snippet:-1, max-image-preview:large, max-video-preview:-1\" \/>\n<link rel=\"canonical\" href=\"https:\/\/www.crpmna.fr\/index.php\/obstacle\/\" \/>\n<meta property=\"og:locale\" content=\"fr_FR\" \/>\n<meta property=\"og:type\" content=\"article\" \/>\n<meta property=\"og:title\" content=\"OBSTACLE - CRPMNA\" \/>\n<meta property=\"og:description\" content=\"En pentathlon moderne, l&#039;obstacle viendra remplacer l&#039;\u00e9preuve d&#039;\u00e9quitation apr\u00e8s les Jeux Olympiques de Paris.\" \/>\n<meta property=\"og:url\" content=\"https:\/\/www.crpmna.fr\/index.php\/obstacle\/\" \/>\n<meta property=\"og:site_name\" content=\"CRPMNA\" \/>\n<meta property=\"article:publisher\" content=\"https:\/\/www.facebook.com\/crpmna.fr\" \/>\n<meta property=\"article:modified_time\" content=\"2026-01-26T16:12:00+00:00\" \/>\n<meta property=\"og:image\" content=\"https:\/\/www.crpmna.fr\/wp-content\/uploads\/2023\/08\/53075999728_7b885cbe31_o.jpg\" \/>\n\t<meta property=\"og:image:width\" content=\"1000\" \/>\n\t<meta property=\"og:image:height\" content=\"665\" \/>\n\t<meta property=\"og:image:type\" content=\"image\/jpeg\" \/>\n<meta name=\"twitter:card\" content=\"summary_large_image\" \/>\n<meta name=\"twitter:label1\" content=\"Dur\u00e9e de lecture estim\u00e9e\" \/>\n\t<meta name=\"twitter:data1\" content=\"1 minute\" \/>\n<script type=\"application\/ld+json\" class=\"yoast-schema-graph\">{\"@context\":\"https:\\\/\\\/schema.org\",\"@graph\":[{\"@type\":\"WebPage\",\"@id\":\"https:\\\/\\\/www.crpmna.fr\\\/index.php\\\/obstacle\\\/\",\"url\":\"https:\\\/\\\/www.crpmna.fr\\\/index.php\\\/obstacle\\\/\",\"name\":\"OBSTACLE - CRPMNA\",\"isPartOf\":{\"@id\":\"https:\\\/\\\/www.crpmna.fr\\\/#website\"},\"primaryImageOfPage\":{\"@id\":\"https:\\\/\\\/www.crpmna.fr\\\/index.php\\\/obstacle\\\/#primaryimage\"},\"image\":{\"@id\":\"https:\\\/\\\/www.crpmna.fr\\\/index.php\\\/obstacle\\\/#primaryimage\"},\"thumbnailUrl\":\"https:\\\/\\\/www.crpmna.fr\\\/wp-content\\\/uploads\\\/2023\\\/08\\\/53075999728_7b885cbe31_o.jpg\",\"datePublished\":\"2023-09-06T14:13:11+00:00\",\"dateModified\":\"2026-01-26T16:12:00+00:00\",\"description\":\"En pentathlon moderne, l'obstacle viendra remplacer l'\u00e9preuve d'\u00e9quitation apr\u00e8s les Jeux Olympiques de Paris.\",\"breadcrumb\":{\"@id\":\"https:\\\/\\\/www.crpmna.fr\\\/index.php\\\/obstacle\\\/#breadcrumb\"},\"inLanguage\":\"fr-FR\",\"potentialAction\":[{\"@type\":\"ReadAction\",\"target\":[\"https:\\\/\\\/www.crpmna.fr\\\/index.php\\\/obstacle\\\/\"]}]},{\"@type\":\"ImageObject\",\"inLanguage\":\"fr-FR\",\"@id\":\"https:\\\/\\\/www.crpmna.fr\\\/index.php\\\/obstacle\\\/#primaryimage\",\"url\":\"https:\\\/\\\/www.crpmna.fr\\\/wp-content\\\/uploads\\\/2023\\\/08\\\/53075999728_7b885cbe31_o.jpg\",\"contentUrl\":\"https:\\\/\\\/www.crpmna.fr\\\/wp-content\\\/uploads\\\/2023\\\/08\\\/53075999728_7b885cbe31_o.jpg\",\"width\":1000,\"height\":665},{\"@type\":\"BreadcrumbList\",\"@id\":\"https:\\\/\\\/www.crpmna.fr\\\/index.php\\\/obstacle\\\/#breadcrumb\",\"itemListElement\":[{\"@type\":\"ListItem\",\"position\":1,\"name\":\"Home\",\"item\":\"https:\\\/\\\/www.crpmna.fr\\\/\"},{\"@type\":\"ListItem\",\"position\":2,\"name\":\"OBSTACLE\"}]},{\"@type\":\"WebSite\",\"@id\":\"https:\\\/\\\/www.crpmna.fr\\\/#website\",\"url\":\"https:\\\/\\\/www.crpmna.fr\\\/\",\"name\":\"CRPMNA\",\"description\":\"Organiser et d\u00e9velopper la pratique du pentathlon moderne en Nouvelle Aquitaine\",\"publisher\":{\"@id\":\"https:\\\/\\\/www.crpmna.fr\\\/#organization\"},\"alternateName\":\"Comit\u00e9 R\u00e9gional de Pentathlon Moderne de Nouvelle-Aquitaine\",\"potentialAction\":[{\"@type\":\"SearchAction\",\"target\":{\"@type\":\"EntryPoint\",\"urlTemplate\":\"https:\\\/\\\/www.crpmna.fr\\\/?s={search_term_string}\"},\"query-input\":{\"@type\":\"PropertyValueSpecification\",\"valueRequired\":true,\"valueName\":\"search_term_string\"}}],\"inLanguage\":\"fr-FR\"},{\"@type\":\"Organization\",\"@id\":\"https:\\\/\\\/www.crpmna.fr\\\/#organization\",\"name\":\"CRPMNA\",\"alternateName\":\"Comit\u00e9 R\u00e9gional de Pentathlon Moderne de Nouvelle-Aquitaine\",\"url\":\"https:\\\/\\\/www.crpmna.fr\\\/\",\"logo\":{\"@type\":\"ImageObject\",\"inLanguage\":\"fr-FR\",\"@id\":\"https:\\\/\\\/www.crpmna.fr\\\/#\\\/schema\\\/logo\\\/image\\\/\",\"url\":\"https:\\\/\\\/www.crpmna.fr\\\/wp-content\\\/uploads\\\/2023\\\/10\\\/Logo-CRPMNA-noir-sans-fond.png\",\"contentUrl\":\"https:\\\/\\\/www.crpmna.fr\\\/wp-content\\\/uploads\\\/2023\\\/10\\\/Logo-CRPMNA-noir-sans-fond.png\",\"width\":2364,\"height\":2363,\"caption\":\"CRPMNA\"},\"image\":{\"@id\":\"https:\\\/\\\/www.crpmna.fr\\\/#\\\/schema\\\/logo\\\/image\\\/\"},\"sameAs\":[\"https:\\\/\\\/www.facebook.com\\\/crpmna.fr\",\"https:\\\/\\\/www.instagram.com\\\/crpmna\\\/\",\"https:\\\/\\\/www.youtube.com\\\/channel\\\/UCsnwnBbuM8lu46ibC6H2jEA\",\"https:\\\/\\\/www.linkedin.com\\\/company\\\/89200652\\\/admin\\\/\"]}]}<\/script>\n<!-- \/ Yoast SEO plugin. -->","yoast_head_json":{"title":"OBSTACLE - CRPMNA","description":"En pentathlon moderne, l'obstacle viendra remplacer l'\u00e9preuve d'\u00e9quitation apr\u00e8s les Jeux Olympiques de Paris.","robots":{"index":"index","follow":"follow","max-snippet":"max-snippet:-1","max-image-preview":"max-image-preview:large","max-video-preview":"max-video-preview:-1"},"canonical":"https:\/\/www.crpmna.fr\/index.php\/obstacle\/","og_locale":"fr_FR","og_type":"article","og_title":"OBSTACLE - CRPMNA","og_description":"En pentathlon moderne, l'obstacle viendra remplacer l'\u00e9preuve d'\u00e9quitation apr\u00e8s les Jeux Olympiques de Paris.","og_url":"https:\/\/www.crpmna.fr\/index.php\/obstacle\/","og_site_name":"CRPMNA","article_publisher":"https:\/\/www.facebook.com\/crpmna.fr","article_modified_time":"2026-01-26T16:12:00+00:00","og_image":[{"width":1000,"height":665,"url":"https:\/\/www.crpmna.fr\/wp-content\/uploads\/2023\/08\/53075999728_7b885cbe31_o.jpg","type":"image\/jpeg"}],"twitter_card":"summary_large_image","twitter_misc":{"Dur\u00e9e de lecture estim\u00e9e":"1 minute"},"schema":{"@context":"https:\/\/schema.org","@graph":[{"@type":"WebPage","@id":"https:\/\/www.crpmna.fr\/index.php\/obstacle\/","url":"https:\/\/www.crpmna.fr\/index.php\/obstacle\/","name":"OBSTACLE - CRPMNA","isPartOf":{"@id":"https:\/\/www.crpmna.fr\/#website"},"primaryImageOfPage":{"@id":"https:\/\/www.crpmna.fr\/index.php\/obstacle\/#primaryimage"},"image":{"@id":"https:\/\/www.crpmna.fr\/index.php\/obstacle\/#primaryimage"},"thumbnailUrl":"https:\/\/www.crpmna.fr\/wp-content\/uploads\/2023\/08\/53075999728_7b885cbe31_o.jpg","datePublished":"2023-09-06T14:13:11+00:00","dateModified":"2026-01-26T16:12:00+00:00","description":"En pentathlon moderne, l'obstacle viendra remplacer l'\u00e9preuve d'\u00e9quitation apr\u00e8s les Jeux Olympiques de Paris.","breadcrumb":{"@id":"https:\/\/www.crpmna.fr\/index.php\/obstacle\/#breadcrumb"},"inLanguage":"fr-FR","potentialAction":[{"@type":"ReadAction","target":["https:\/\/www.crpmna.fr\/index.php\/obstacle\/"]}]},{"@type":"ImageObject","inLanguage":"fr-FR","@id":"https:\/\/www.crpmna.fr\/index.php\/obstacle\/#primaryimage","url":"https:\/\/www.crpmna.fr\/wp-content\/uploads\/2023\/08\/53075999728_7b885cbe31_o.jpg","contentUrl":"https:\/\/www.crpmna.fr\/wp-content\/uploads\/2023\/08\/53075999728_7b885cbe31_o.jpg","width":1000,"height":665},{"@type":"BreadcrumbList","@id":"https:\/\/www.crpmna.fr\/index.php\/obstacle\/#breadcrumb","itemListElement":[{"@type":"ListItem","position":1,"name":"Home","item":"https:\/\/www.crpmna.fr\/"},{"@type":"ListItem","position":2,"name":"OBSTACLE"}]},{"@type":"WebSite","@id":"https:\/\/www.crpmna.fr\/#website","url":"https:\/\/www.crpmna.fr\/","name":"CRPMNA","description":"Organiser et d\u00e9velopper la pratique du pentathlon moderne en Nouvelle Aquitaine","publisher":{"@id":"https:\/\/www.crpmna.fr\/#organization"},"alternateName":"Comit\u00e9 R\u00e9gional de Pentathlon Moderne de Nouvelle-Aquitaine","potentialAction":[{"@type":"SearchAction","target":{"@type":"EntryPoint","urlTemplate":"https:\/\/www.crpmna.fr\/?s={search_term_string}"},"query-input":{"@type":"PropertyValueSpecification","valueRequired":true,"valueName":"search_term_string"}}],"inLanguage":"fr-FR"},{"@type":"Organization","@id":"https:\/\/www.crpmna.fr\/#organization","name":"CRPMNA","alternateName":"Comit\u00e9 R\u00e9gional de Pentathlon Moderne de Nouvelle-Aquitaine","url":"https:\/\/www.crpmna.fr\/","logo":{"@type":"ImageObject","inLanguage":"fr-FR","@id":"https:\/\/www.crpmna.fr\/#\/schema\/logo\/image\/","url":"https:\/\/www.crpmna.fr\/wp-content\/uploads\/2023\/10\/Logo-CRPMNA-noir-sans-fond.png","contentUrl":"https:\/\/www.crpmna.fr\/wp-content\/uploads\/2023\/10\/Logo-CRPMNA-noir-sans-fond.png","width":2364,"height":2363,"caption":"CRPMNA"},"image":{"@id":"https:\/\/www.crpmna.fr\/#\/schema\/logo\/image\/"},"sameAs":["https:\/\/www.facebook.com\/crpmna.fr","https:\/\/www.instagram.com\/crpmna\/","https:\/\/www.youtube.com\/channel\/UCsnwnBbuM8lu46ibC6H2jEA","https:\/\/www.linkedin.com\/company\/89200652\/admin\/"]}]}},"coauthors":[],"author_meta":{"author_link":"https:\/\/www.crpmna.fr\/index.php\/author\/charge-communication\/","display_name":"Lisa ASQUOET"},"relative_dates":{"created":"Publi\u00e9 3 ans il y a","modified":"Mis \u00e0 jour 4 mois il y a"},"absolute_dates":{"created":"Publi\u00e9 le 6 septembre 2023","modified":"Mise \u00e0 jour le 26 janvier 2026"},"absolute_dates_time":{"created":"Publi\u00e9 le 6 septembre 2023 16 h 13 min","modified":"Mise \u00e0 jour le 26 janvier 2026 17 h 12 min"},"featured_img_caption":"","featured_img":false,"series_order":"","_links":{"self":[{"href":"https:\/\/www.crpmna.fr\/index.php\/wp-json\/wp\/v2\/pages\/1740","targetHints":{"allow":["GET"]}}],"collection":[{"href":"https:\/\/www.crpmna.fr\/index.php\/wp-json\/wp\/v2\/pages"}],"about":[{"href":"https:\/\/www.crpmna.fr\/index.php\/wp-json\/wp\/v2\/types\/page"}],"author":[{"embeddable":true,"href":"https:\/\/www.crpmna.fr\/index.php\/wp-json\/wp\/v2\/users\/7"}],"replies":[{"embeddable":true,"href":"https:\/\/www.crpmna.fr\/index.php\/wp-json\/wp\/v2\/comments?post=1740"}],"version-history":[{"count":16,"href":"https:\/\/www.crpmna.fr\/index.php\/wp-json\/wp\/v2\/pages\/1740\/revisions"}],"predecessor-version":[{"id":4809,"href":"https:\/\/www.crpmna.fr\/index.php\/wp-json\/wp\/v2\/pages\/1740\/revisions\/4809"}],"wp:attachment":[{"href":"https:\/\/www.crpmna.fr\/index.php\/wp-json\/wp\/v2\/media?parent=1740"}],"curies":[{"name":"wp","href":"https:\/\/api.w.org\/{rel}","templated":true}]}}